0 and 70112?
56
Calculate the highest common factor of 2295 and 6345.
135
Calculate the greatest common divisor of 6844 and 2183.
59
Calculate the highest common factor of 46241 and 13.
13
What is the greatest common factor of 885 and 74045?
295
Calculate the highest common factor of 195216 and 1079.
83
What is the highest common factor of 13552 and 441056?
1232
What is the highest common factor of 660 and 33715?
55
Calculate the highest common factor of 6 and 639546.
6
Calculate the greatest common factor of 11 and 1347797.
11
What is the greatest common factor of 2216 and 816?
8
Calculate the greatest common divisor of 14899 and 141.
47
Calculate the greatest common divisor of 12 and 1002648.
12
What is the greatest common factor of 36 and 298692?
36
Calculate the highest common divisor of 3872 and 440.
88
What is the greatest common divisor of 246 and 40672?
82
Calculate the greatest common factor of 21504 and 3024.
336
Calculate the highest common divisor of 13763458 and 116.
58
Calculate the greatest common divisor of 14742 and 21168.
378
Calculate the highest common divisor of 26 and 30446.
26
What is the highest common factor of 128002 and 446?
446
What is the highest common factor of 506 and 4367?
11
What is the greatest common factor of 9139 and 37037?
481
Calculate the greatest common factor of 20 and 547.
1
Calculate the greatest common factor of 648 and 105894.
54
What is the greatest common divisor of 352 and 29120?
32
Calculate the greatest common factor of 6 and 10938.
6
What is the greatest common divisor of 2355 and 460167?
471
What is the highest common factor of 4633890 and 3735?
1245
What is the greatest common factor of 2788 and 67609?
697
What is the greatest common factor of 4320 and 6615?
135
Calculate the highest common divisor of 213 and 3135999.
213
What is the greatest common divisor of 321937 and 814?
407
Calculate the greatest common factor of 3935 and 45.
5
What is the highest common divisor of 1667065 and 29?
29
Calculate the highest common factor of 23407 and 1315.
263
Calculate the greatest common divisor of 537030 and 780.
390
Calculate the greatest common divisor of 1018748 and 8.
4
Calculate the highest common divisor of 144121 and 501.
167
Calculate the greatest common factor of 224 and 1365.
7
What is the highest common factor of 682910 and 470?
470
What is the greatest common factor of 6142 and 814?
74
What is the highest common divisor of 39582 and 594?
54
What is the greatest common factor of 504 and 74424?
168
Calculate the highest common divisor of 174075 and 5775.
825
Calculate the greatest common divisor of 1575 and 27153.
63
What is the highest common factor of 2592 and 14796?
108
What is the highest common divisor of 291 and 225331?
97
What is the highest common factor of 450 and 50238?
18
Calculate the highest common divisor of 136037 and 17347.
913
Calculate the greatest common factor of 4459 and 3081.
13
What is the highest common factor of 60 and 91830?
30
Calculate the highest common divisor of 92 and 54671.
23
What is the highest common factor of 988 and 2362802?
494
What is the highest common divisor of 32064 and 960?
192
What is the greatest common factor of 1456 and 46956?
364
Calculate the highest common factor of 273 and 28707.
21
What is the greatest common divisor of 35079 and 1353?
33
What is the greatest common divisor of 111628 and 384076?
1892
What is the highest common factor of 17856 and 168?
24
Calculate the greatest common divisor of 222732 and 322.
46
Calculate the greatest common divisor of 6 and 1146.
6
What is the greatest common divisor of 17 and 54451?
17
Calculate the greatest common factor of 2916 and 576.
36
Calculate the highest common factor of 830 and 200.
10
Calculate the highest common divisor of 8 and 162012.
4
What is the greatest common factor of 5581 and 1?
1
Calculate the highest common divisor of 349400 and 550.
50
What is the greatest common divisor of 42 and 25266?
6
What is the highest common factor of 748 and 847484?
748
Calculate the highest common factor of 1705 and 19525.
55
Calculate the greatest common divisor of 59248 and 966.
322
Calculate the greatest common factor of 6985 and 1221.
11
What is the highest common divisor of 20072 and 260?
52
Calculate the greatest common factor of 184 and 2070.
46
What is the greatest common divisor of 966 and 89424?
138
Calculate the greatest common factor of 18 and 3326976.
18
Calculate the highest common divisor of 303 and 71205.
303
Calculate the highest common factor of 970 and 855.
5
What is the highest common factor of 39080 and 150?
10
What is the greatest common factor of 146313 and 27?
27
What is the greatest common factor of 301607 and 985?
197
Calculate the highest common factor of 859336 and 8.
8
What is the greatest common factor of 377 and 28184?
13
What is the greatest common divisor of 998196 and 386?
386
What is the highest common factor of 450108 and 60?
12
What is the greatest common divisor of 3236736 and 384?
384
What is the highest common divisor of 642 and 200946?
642
Calculate the highest common factor of 2400 and 11580.
60
What is the greatest common factor of 115 and 84663?
23
Calculate the greatest common divisor of 7638 and 836.
38
What is the highest common factor of 6307 and 772051?
371
What is the highest common factor of 87 and 17951?
29
Calculate the greatest common divisor of 41 and 82820.
41
Calculate the highest common divisor of 17196 and 36.
12
Calculate the greatest common factor of 119 and 650216.
119
What is the greatest common divisor of 524346 and 18?
6
Calculate the greatest common factor of 537619 and 706.
353
Calculate the highest common factor of 1265700 and 12.
12
Calculate the highest common factor of 6 and 96112.
2
Calculate the greatest common factor of 4704 and 140091.
147
What is the highest common factor of 15 and 201375?
15
Calculate the highest common factor of 1034 and 165.
11
What is the greatest common divisor of 36 and 332487?
9
What is the greatest common factor of 2530 and 59570?
230
What is the highest common factor of 16870 and 1106?
14
What is the greatest common divisor of 792 and 119304?
72
What is the highest common divisor of 203987 and 644?
161
What is the highest common factor of 220 and 1262734?
22
Calculate the greatest common factor of 18761 and 61423.
257
What is the highest common factor of 17985 and 99?
33
Calculate the greatest common divisor of 10614 and 609.
87
Calculate the greatest common factor of 6265 and 1037484.
1253
What is the highest common factor of 22646 and 604474?
1742
Calculate the highest common factor of 338 and 75920.
26
What is the greatest common factor of 2444 and 8648?
188
Calculate the greatest common divisor of 22451 and 121.
11
Calculate the greatest common factor of 180 and 582660.
180
Calculate the greatest common factor of 3 and 695520.
3
What is the greatest common divisor of 3 and 3111774?
3
Calculate the greatest common divisor of 10022 and 18.
2
Calculate the highest common factor of 20 and 170184.
4
Calculate the highest common factor of 2122 and 15540467.
1061
What is the greatest common factor of 117 and 88322?
13
What is the greatest common factor of 16 and 489392?
16
What is the greatest common factor of 75 and 1137?
3
Calculate the highest common divisor of 229 and 1755056.
229
Calculate the highest common divisor of 1329655 and 1020.
85
Calculate the highest common factor of 12 and 613812.
12
What is the greatest common factor of 1640 and 2?
2
Calculate the greatest common divisor of 978 and 3764811.
489
What is the greatest common divisor of 532 and 7784?
28
Calculate the highest common factor of 969 and 11586333.
969
What is the highest common factor of 157738 and 1995?
133
Calculate the highest common factor of 263534 and 76636.
782
What is the greatest common divisor of 246 and 101229?
123
What is the highest common divisor of 133 and 12082?
7
Calculate the greatest common divisor of 9 and 119088.
9
Calculate the highest common factor of 392 and 3136840.
56
Calculate the highest common divisor of 1299527 and 479.
479
Calculate the greatest common factor of 721 and 1030.
103
What is the greatest common divisor of 7 and 1183?
7
What is the highest common factor of 24750 and 1133?
11
Calcu